 the prime factors of 779.
19, 41
What are the prime factors of 640?
2, 5
What are the prime factors of 615?
3, 5, 41
What are the prime factors of 1032?
2, 3, 43
What are the prime factors of 15646?
2, 7823
What are the prime factors of 6904?
2, 863
List the prime factors of 1936.
2, 11
List the prime factors of 83999.
19, 4421
What are the prime factors of 3206?
2, 7, 229
What are the prime factors of 4803?
3, 1601
What are the prime factors of 17879?
19, 941
What are the prime factors of 778?
2, 389
What are the prime factors of 49075?
5, 13, 151
What are the prime factors of 474?
2, 3, 79
List the prime factors of 9421.
9421
What are the prime factors of 6949?
6949
List the prime factors of 1226.
2, 613
List the prime factors of 3757.
13, 17
What are the prime factors of 1869?
3, 7, 89
What are the prime factors of 15776?
2, 17, 29
List the prime factors of 3041.
3041
What are the prime factors of 20008?
2, 41, 61
List the prime factors of 1884.
2, 3, 157
What are the prime factors of 2303?
7, 47
List the prime factors of 16049.
11, 1459
List the prime factors of 1429.
1429
What are the prime factors of 1028?
2, 257
What are the prime factors of 53736?
2, 3, 2239
List the prime factors of 23327.
23327
What are the prime factors of 1336?
2, 167
List the prime factors of 2109.
3, 19, 37
What are the prime factors of 7030?
2, 5, 19, 37
List the prime factors of 518.
2, 7, 37
List the prime factors of 1072.
2, 67
List the prime factors of 5476.
2, 37
What are the prime factors of 52775?
5, 2111
List the prime factors of 47231.
73, 647
List the prime factors of 2345.
5, 7, 67
List the prime factors of 741.
3, 13, 19
What are the prime factors of 471?
3, 157
List the prime factors of 14005.
5, 2801
What are the prime factors of 1342?
2, 11, 61
List the prime factors of 5045.
5, 1009
What are the prime factors of 2302?
2, 1151
List the prime factors of 62238.
2, 3, 11, 23, 41
List the prime factors of 4096.
2
List the prime factors of 29688.
2, 3, 1237
What are the prime factors of 1913?
1913
What are the prime factors of 1187?
1187
What are the prime factors of 19461?
3, 13, 499
What are the prime factors of 252?
2, 3, 7
What are the prime factors of 3027?
3, 1009
What are the prime factors of 3946?
2, 1973
What are the prime factors of 2977?
13, 229
List the prime factors of 108590.
2, 5, 10859
List the prime factors of 44379.
3, 4931
What are the prime factors of 17561?
17, 1033
What are the prime factors of 57135?
3, 5, 13, 293
What are the prime factors of 345?
3, 5, 23
What are the prime factors of 657?
3, 73
List the prime factors of 5579.
7, 797
List the prime factors of 10622.
2, 47, 113
What are the prime factors of 1575?
3, 5, 7
What are the prime factors of 29041?
113, 257
What are the prime factors of 48544?
2, 37, 41
List the prime factors of 34417.
127, 271
What are the prime factors of 17444?
2, 7, 89
What are the prime factors of 95144?
2, 7, 1699
What are the prime factors of 314?
2, 157
What are the prime factors of 427?
7, 61
List the prime factors of 2697.
3, 29, 31
List the prime factors of 295.
5, 59
What are the prime factors of 9344?
2, 73
What are the prime factors of 9228?
2, 3, 769
List the prime factors of 121916.
2, 29, 1051
List the prime factors of 2039.
2039
What are the prime factors of 1005?
3, 5, 67
List the prime factors of 804.
2, 3, 67
List the prime factors of 3531.
3, 11, 107
List the prime factors of 7343.
7, 1049
What are the prime factors of 3809?
13, 293
List the prime factors of 27808.
2, 11, 79
List the prime factors of 560.
2, 5, 7
What are the prime factors of 42563?
31, 1373
What are the prime factors of 960?
2, 3, 5
List the prime factors of 3376.
2, 211
What are the prime factors of 11725?
5, 7, 67
What are the prime factors of 25665?
3, 5, 29, 59
List the prime factors of 121.
11
What are the prime factors of 1549?
1549
What are the prime factors of 52205?
5, 53, 197
List the prime factors of 5824.
2, 7, 13
List the prime factors of 7304.
2, 11, 83
What are the prime factors of 3547?
3547
List the prime factors of 4335.
3, 5, 17
What are the prime factors of 1199?
11, 109
List the prime factors of 1926.
2, 3, 107
What are the prime factors of 2280?
2, 3, 5, 19
List the prime factors of 2136.
2, 3, 89
List the prime factors of 9144.
2, 3, 127
What are the prime factors of 20744?
2, 2593
What are the prime factors of 154?
2, 7, 11
What are the prime factors of 8680?
2, 5, 7, 31
List the prime factors of 22309.
7, 3187
List the prime factors of 118285.
5, 41, 577
What are the prime factors of 1867?
1867
List the prime factors of 277.
277
What are the prime factors of 2119?
13, 163
What are the prime factors of 1674?
2, 3, 31
List the prime factors of 375.
3, 5
List the prime factors of 9036.
2, 3, 251
What are the prime factors of 16413?
3, 5471
List the prime factors of 104029.
23, 4523
What are the prime factors of 490?
2, 5, 7
List the prime factors of 1503.
3, 167
List the prime factors of 1689.
3, 563
List the prime factors of 14732.
2, 29, 127
What are the prime factors of 1241?
17, 73
List the prime factors of 7661.
47, 163
What are the prime factors of 5394?
2, 3, 29, 31
What are the prime factors of 27589?
47, 587
List the prime factors of 691.
691
What are the prime factors of 4179?
3, 7, 199
List the prime factors of 18199.
18199
List the prime factors of 1320.
2, 3, 5, 11
What are the prime factors of 436?
2, 109
List the prime factors of 86285.
5, 17257
List the prime factors of 681.
3, 227
What are the prime factors of 8628?
2, 3, 719
What are the prime factors of 1963?
13, 151
List the prime factors of 3582.
2, 3, 199
List the prime factors of 790.
2, 5, 79
List the prime factors of 5319.
3, 197
List the prime factors of 26354.
2, 13177
What are the prime factors of 2318?
2, 19, 61
What are the prime factors of 3061?
3061
List the prime factors of 4128.
2, 3, 43
List the prime factors of 58753.
41, 1433
List the prime factors of 84.
2, 3, 7
What are the prime factors of 27787?
37, 751
What are the prime factors of 519?
3, 173
What are the prime factors of 10729?
10729
What are the prime factors of 583?
11, 53
What are the prime factors of 4078?
2, 2039
List the prime factors of 5537.
7, 113
What are the prime factors of 60098?
2, 151, 199
List the prime factors of 148369.
13, 101, 113
List the prime factors of 5496.
2, 3, 229
What are the prime factors of 24681?
3, 19, 433
What are the prime factors of 15876?
2, 3, 7
What are the prime factors of 7893?
3, 877
What are the prime factors of 245?
5, 7
What are the prime factors of 83890?
2, 5, 8389
What are the prime factors of 4875?
3, 5, 13
List the prime factors of 2623.
43, 61
What are the prime factors of 26094?
2, 3, 4349
List the prime factors of 1167.
3, 389
List the prime factors of 4764.
2, 3, 397
List the prime factors of 664.
2, 83
What are the prime factors of 823?
823
List the prime factors of 1094.
2, 547
What are the prime factors of 150535?
5, 7, 11, 17, 23
What are the prime factors of 61550?
2, 5, 1231
What are the prime factors of 66538?
2, 17, 19, 103
What are the prime factors of 2556?
2, 3, 71
What are the prime factors of 31886?
2, 107, 149
List the prime factors of 754.
2, 13, 29
List the prime factors of 2878.
2, 1439
List the prime factors of 21480.
2, 3, 5, 179
What are the prime factors of 49100?
2, 5, 491
List the prime factors of 90961.
13, 6997
What are the prime factors of 4130?
2, 5, 7, 59
What are the prime factors of 3211?
13, 19
List the prime factors of 28819.
7, 23, 179
What are the prime factors of 20276?
2, 37, 137
List the prime factors of 489.
3, 163
List the prime factors of 2569.
7, 367
List the prime factors of 8084.
2, 43, 47
What are the prime factors of 1989?
3, 13, 17
What are the prime factors of 5430?
2, 3, 5, 181
List the prime factors of 7617.
3, 2539
List the prime factors of 4649.
4649
What are the prime factors of 598?
2, 13, 23
List the prime factors of 125764.
2, 23, 1367
What are the prime factors of 32568?
2, 3, 23, 59
List the prime factors of 3537.
3, 131
What are the prime factors of 27565?
5, 37, 149
List the prime factors of 67486.
2, 41, 823
List the prime factors of 45449.
47, 967
What are the prime factors of 2700?
2, 3, 5
List the prime factors of 28893.
3, 9631